4*s + 334. What are the prime factors of m?
2, 59
Suppose -4*c + 176 = -4*i, 5*i = 4*c + 2*i - 181. Let h = c - -195. Suppose 2*t - 3*m = m + h, -130 = -t + 4*m. What are the prime factors of t?
2, 3, 19
Let f(s) = 8*s**2 - 17*s - 21. Let h(i) = -i**2 - i + 1. Let v(o) = f(o) + 5*h(o). What are the prime factors of v(-7)?
3, 5, 19
Let a(h) = -97*h**2 + 45*h - 8. Let z be a(6). List the prime factors of (z/(-114))/(2/102).
5, 17
Let m(f) = -9*f**3 + 3*f**2 - 18 - 2071*f + 2075*f - 6*f**2. List the prime factors of m(-6).
2, 3, 13, 23
Let c be -3*((-8)/30 - 12/30). Suppose -2*h + b + 56 = c*b, 0 = -2*h - 5*b + 64. Suppose -h*k - 774 = -33*k. What are the prime factors of k?
3, 43
Let d(i) = -816*i - 1. Let z be d(-1). Suppose 5*c = z + 315. Suppose -9*q + 10*q = c. What are the prime factors of q?
2, 113
Let f(s) = -s**3 - 10*s**2 + 119*s - 26. List the prime factors of f(-30).
2, 13, 277
Suppose 9375 = 41*a - 45266 - 3579. What are the prime factors of a?
2, 5, 71
Let l be (-7)/(-2)*(-88)/(-44). List the prime factors of (-534 - -4 - l)*4/(-6).
2, 179
Let d be 2*3/21 - (-1895)/7. Let b = 424 - d. Suppose w - 62 = 2*k, -3*w + 17 = 2*k - b. List the prime factors of w.
2, 29
Let a(v) = v**3 + 13*v**2 + 9*v + 15. Suppose 9*k - 4 = -85. List the prime factors of a(k).
2, 3, 43
Suppose -54 = 15*n - 9. What are the prime factors of (-4)/18 + (10585/45 - n)?
2, 7, 17
Let o(l) = 3*l**2 + 7*l + 135. Let k be o(21). Suppose -r - 2*n = -6*r + k, 4*r - 1296 = 4*n. What are the prime factors of r?
11, 29
Suppose 3*a + 39 = -96. Let f = 49 + a. Suppose -r + 124 = 2*v, -243 = -2*r + f*v - 3*v. What are the prime factors of r?
2, 61
Suppose -5*x + 173 = i, -4*x = -2*i - 0*i + 276. Let a = 484 + i. What are the prime factors of a?
2, 79
Suppose 0 = 71*t - 236288 - 210373. What are the prime factors of t?
3, 233
Let m(z) = -z**3 + 45*z**2 + 72*z + 106. What are the prime factors of m(18)?
2, 5, 7, 29
Suppose -17*v - 162*v + 95049 = 0. What are the prime factors of v?
3, 59
What are the prime factors of -2069*8/6*(-38661)/3682?
2, 7, 2069
Let k be (-4 - -5)/((-2)/(-6)). Let u = 48 - -58. Suppose k*s - 3*x = 51, -3*s - 2*x = 2*s - u. What are the prime factors of s?
2, 5
Let s(f) = 56*f + 9. Suppose 2*u + 2*u = -4*x - 16, -28 = 3*x - 5*u. Let m(k) = 1. Let j(g) = x*m(g) + s(g). What are the prime factors of j(2)?
5, 23
What are the prime factors of (-18288)/1*(-147)/441?
2, 3, 127
Let x(y) = y**2 - 13*y - 11. Let k be x(15). Suppose -k*i = -0*i - 2451. List the prime factors of i.
3, 43
Let c be ((-6)/(-12))/((-1)/(-2110)). Let g = 2364 - c. What are the prime factors of g?
7, 11, 17
Let b = -44 - -45. Suppose 5*m - 6 = -3*c, -c + b - 4 = 0. Suppose -m*i = -5*t - 108 - 5, 0 = -2*i - 2*t + 102. What are the prime factors of i?
2, 23
Suppose 0 = 2*y + 13 + 5. Let d be (-3 - -24)*6/y. Let z = 57 + d. List the prime factors of z.
43
Suppose -5*i - 3*t + 45 = -64, -5*i + 119 = -2*t. Let j = i + -25. List the prime factors of ((-46)/4 - j)/(10/(-20)).
19
Suppose 5*s + 5*n - 140860 = -2*s, -5*s + 100631 = -2*n. What are the prime factors of s?
5, 7, 23
Let f be (1605/3 - 2)*(-7 - -9). Suppose 737 = 7*b + 4*b. Suppose -f - b = -11*t. What are the prime factors of t?
103
Let c = -82 + 22. Let n be (c/10)/((-9)/3). Suppose 11*o = n*o + 864. List the prime factors of o.
2, 3
Let l = -239 - -1121. What are the prime factors of l?
2, 3, 7
Let k(j) = 200*j**2 - 25*j - 25. Let p be k(-1). What are the prime factors of (-2 + 228/10)/(8/p)?
2, 5, 13
Let b be 120/14*133/(-19). List the prime factors of b/(-5) + -6 + 259.
5, 53
Let z(n) = 6*n + 4. List the prime factors of z(13).
2, 41
Let k = 87 - 239. Let v = k + 561. What are the prime factors of v?
409
Let o = 9699 + 1. What are the prime factors of o?
2, 5, 97
Let j be 1/(-2)*282/(-3). Let z(n) = 11*n + 23. Let h be z(-5). Let w = h + j. List the prime factors of w.
3, 5
Suppose 4*t - f = t + 5, 5*t = 4*f + 6. Let l = 375 + -163. Suppose -6*c + l = -t*c. What are the prime factors of c?
53
Let a(s) = s**2 - 42*s + 91. List the prime factors of a(-86).
11, 1009
Suppose -5*z + 11 = 1. Let i be 2*51/(-18)*9 + z. Let d = i - -120. List the prime factors of d.
71
List the prime factors of (0 + (-18072)/45)/((-8)/120).
2, 3, 251
Suppose 4*r - 12 = m, 2*r + 5*m + 26 = 5*r. What are the prime factors of 3/(-2)*178/(-3) + r?
7, 13
Let z(v) = 7*v + 19*v + 6*v + 58. What are the prime factors of z(18)?
2, 317
Let w(z) = 5708*z - 8422. What are the prime factors of w(8)?
2, 3, 2069
Let f = 234 + -224. List the prime factors of 29/145 - ((-2808)/f)/1.
281
Let q be 1*6*(-123)/90*-5. Suppose -52*s + q*s + 3861 = 0. What are the prime factors of s?
3, 13
Suppose 15*s - 11*s - 1584 = 0. Suppose 2*y - s = 5*t - 67, -4*t + 773 = 5*y. What are the prime factors of y?
157
Let n(j) = -3*j**3 - 8*j**2 + 7*j + 10. Let o be n(-8). Let h be (-2 - 12)*((-7)/(-7))/(-2). Suppose -o = -h*m + 93. What are the prime factors of m?
3, 17
Suppose -17*j = -10*j - 469. Suppose -2*s + j*l + 1970 = 66*l, -967 = -s - 4*l. List the prime factors of s.
983
Let p = 11 + -8. What are the prime factors of p - (12/(-10))/(8/20)?
2, 3
Let o = -785 - -16728. List the prime factors of o.
107, 149
Let q(i) = 19*i - 10. Let m be q(3). Suppose -76 + m = -x. Suppose -a + x = -40. What are the prime factors of a?
3, 23
What are the prime factors of 10/(-15) - (-389061)/27?
3, 1601
Suppose -1252 = -j - 5*o, -5*o = -3*j + 1609 + 2147. What are the prime factors of j?
2, 313
Let x(c) = 23*c + 3*c**2 + 13 - 18 + 29 + 20*c**2 - c**3. List the prime factors of x(23).
7, 79
Let u(f) = -f**2 + 3*f + 10. Let g be u(0). Suppose c + 5*t - 697 = g*t, -3*t + 2742 = 4*c. List the prime factors of c.
3, 229
Suppose 2560 = -5*r + 42970. Suppose 2*z + 2527 = 2*d - 707, 5*d - 6*z - r = 0. What are the prime factors of d?
2, 3, 5
Suppose -4707 = -46*u + 2*u + 1497497. List the prime factors of u.
34141
Let g = 40273 - 35029. What are the prime factors of g?
2, 3, 19, 23
Let m(p) = p**2 - 4*p - 281. Let y be m(19). List the prime factors of -5 + y - 5130/3*-1.
1709
What are the prime factors of 51/(-102) - 30243/(-2)?
15121
Let r(p) = -p**3 + 20*p**2 - 26*p + 37. Suppose -16 = 4*j + h - 87, -4*j - 4*h = -80. What are the prime factors of r(j)?
2, 3, 7, 11
Suppose -158724 + 98951 - 251395 = -32*u. List the prime factors of u.
2, 11, 13, 17
Let s = -4423 - -22281. What are the prime factors of s?
2, 8929
Let t(m) = 18*m**3 + m - 3*m**2 + 4*m**2 + 5 - 17*m**3 + 6*m**2. Let l be t(-7). What are the prime factors of 18/(l + 3 + 1)?
3
Let u be 56 + -11 + 1/1. Suppose 0 = -u*j + 14925 + 22933. What are the prime factors of j?
823
Suppose 3*v - 11 = -b, 8*b = 4*b - 4. Let u(c) = 9*c**3 - 2*c**2 - 2*c - 2. What are the prime factors of u(v)?
2, 3, 89
Suppose -3*n + 19 = 4*u, -u - 3*u + 2*n = -14. Suppose -319 - 761 = -u*d. List the prime factors of d.
2, 3, 5
Suppose -8 = 3*p - 7*p. Let f(h) = 231 - 232 + 3*h - 7*h + 150*h**p. What are the prime factors of f(-1)?
3, 17
Suppose -48 = -14*b + 2*b. Suppose -10*t - b*m + 22 = -5*t, 4*m - 16 = -2*t. Suppose g + 4*f - 228 = 0, -3*f - t*f + 20 = 0. List the prime factors of g.
2, 53
Suppose -12 = -x - 7. Suppose 0 = 4*g - 2*p - 20, 7 = x*g + 3*p - 7. Suppose -g*y - y + 105 = 0. List the prime factors of y.
3, 7
Let z(w) = 1801*w + 194. What are the prime factors of z(5)?
9199
Suppose -a + 5*a + 40 = w, 0 = -5*w + 20. Let d be (1 - 7)/((-6)/(-3)). List the prime factors of 3/a + (-139)/d.
2, 23
Let b = -1972 + 2982. Suppose -9*o + 5*k + 2019 = -5*o, -2*k - b = -2*o. List the prime factors of o.
2, 11, 23
Suppose -j - k + 7110 = -2835, -19891 = -2*j - k. List the prime factors of j.
2, 4973
Let u be (15/6)/((-2)/4). Let a(g) = 15*g**2 + 6*g + 23. List the prime factors of a(u).
2, 23
Let l be 6 + (-3 - -1) - 1. Suppose 219 = u + y, l*u = -u + y + 866. List the prime factors of u.
7, 31
Let t(h) = 12*h + 77. Let j be t(22). Let k = j + 66. List the prime factors of k.
11, 37
Suppose -4*h - h + 70 = -2*g, -2*h - g + 28 = 0. Suppose h*i - 8 = 6*i. What are the prime factors of 1098/9*i/(4 + -2)?
61
Suppose 12*y - 15*y - v = -23, y + 1 = 4*v. Suppose 0 = -3*l - y + 277. What are the prime factors of l?
2, 3, 5
Suppose 4*s - 6*z + 34 = -z, 0 = s - 4*z + 14. Let x be 1